5 = -5*i + 17*x, -34312 = -4*i - 4*x. Is i a composite number?
False
Suppose 0 = -3*z - 48475 + 136426. Is z a prime number?
False
Let d(y) = -2*y**3 - 4*y**2 - 2*y. Let l be d(-2). Suppose -n = -3*a + 26, -7 = -3*n - l. Is (-1146)/(-54) + (-2)/a a prime number?
False
Let h(s) = -8*s + 61. Let v be h(7). Suppose 4*t + 1 = -v*r + 894, 0 = -3*r - 3*t + 537. Is r composite?
True
Suppose -3*s = 5*w - 26683, -9*w + 10*w - 5359 = 5*s. Is w composite?
True
Let j be 6/(-14) + (-18542)/(-14). Suppose -3*c - 4*o + 3626 = j, -2*o - 2314 = -3*c. Suppose -4*b + c = w, 2*b = 5*w - 1815 - 2013. Is w composite?
True
Let v(h) = -h**2 - 6*h - 7. Let l be v(-6). Let b be (l + 4)/(1/(-46)). Is (b/(-12))/(2/(-4)) prime?
True
Let x be (-3)/15 - (-48)/15. Suppose 5*l - 7 = x. Suppose l*b - 989 = w - 6*w, 2487 = 5*b - 2*w. Is b a prime number?
False
Let s(x) = 548*x - 321. Is s(13) composite?
False
Suppose 2503 = -12*z + 15*z + 4*i, 861 = z - 4*i. Is z composite?
True
Suppose 49 = 2*i - 5*v, 3*i - 2 = 4*v + 89. Let w be 1/2*4*1. Suppose w*u - 39 = i. Is u composite?
True
Let r(c) = -45*c - 3. Suppose -11*u = -10*u + 4. Let p be r(u). Let l = p - 100. Is l composite?
True
Suppose -107*r - 142018 = -141*r. Is r a composite number?
False
Let n(x) = -214*x**3 - x**2 + 3*x - 2. Let c be n(1). Let h = c - -413. Is h a prime number?
True
Let d = -6 + 10. Suppose -5*p + d = -3*h, 2*p = 3*h - 1 - 1. Is (116 - -1) + p - 4 a composite number?
True
Let q(h) = h**3 + 18*h**2 + 10*h - 2. Let g(m) = -m**3 + 6*m**2 + 6*m. Let n be g(7). Is q(n) a prime number?
True
Suppose 4*d - 3069 = -4*q + 3327, -2*d + 3163 = -5*q. Is d composite?
True
Let q(u) = -3*u**2 - 5*u - 35. Let x be q(-8). Let y = x + 478. Is y composite?
True
Suppose 164 + 6304 = -12*t. Let l = 2746 + t. Is l a prime number?
True
Let g(r) = r**2 + 2*r - 3. Let k be g(0). Let o(w) = -w**2 - 4*w + 3. Let y be o(k). Suppose -y*a = -10*a + 460. Is a composite?
True
Suppose -10*p = -1389865 - 366145. Is p a composite number?
False
Suppose 15 - 50 = -5*j. Let b(i) = 11*i + 10. Is b(j) a composite number?
True
Is 6872*2 - (-19 + 12) a composite number?
False
Let h be ((0 + 1)*0)/(-2). Suppose -j + 3*g = 10, h = -j + 2*g - 4 - 1. Suppose 4*i + 2*c = i + 828, 3*i - 807 = j*c. Is i a prime number?
False
Let k = 7 + -5. Let g = 2 + k. Is 3 + 10/g*32 a prime number?
True
Let o be (5 - (-6)/(-3)) + 13. Let m be ((-108)/(-16))/((-4)/o). Let v = m + 38. Is v composite?
False
Suppose 0 = -5*s + 8*s - 14283. Suppose -3*z + 2*d + 3552 = -d, 0 = -4*z - d + s. Is z a prime number?
False
Let z be (4 - 2)/(2/3). Suppose 3*v - 3*y = -y + 854, -4*y = -z*v + 862. Let j = v + -125. Is j prime?
True
Suppose 3*r - 5381 = 2*r. Is r a prime number?
True
Let j = 27676 - 18347. Is j composite?
True
Let w(h) = h**3 + 16*h**2 + 13*h + 9. Let f = 24 - 34. Is w(f) a composite number?
False
Suppose 3*o - 9*c = -7*c + 21887, -4*o = -5*c - 29178. Is o composite?
False
Suppose 0 = 4*b + 27 - 315. Let s be (-3 - 0) + b/2. Let y = s - -88. Is y prime?
False
Let y = -13 - -12. Let j be (-14)/7 - (y + -145). Suppose 3*r = -j + 375. Is r a prime number?
False
Suppose 31539 = 3*y - 2*n, 3*n + 5003 = -y + 15516. Is y prime?
True
Suppose 2*s - 3*a = 100814, -5*s + 4*a - 6*a + 252073 = 0. Is s composite?
True
Let m(h) = -6*h + 6. Suppose 7*a = 5*a - 12. Let j be m(a). Let l = j + -29. Is l prime?
True
Suppose 4*d + 2*q + 74 = 0, 3*d - 2*q - 18 + 56 = 0. Is (d - -2)/((-2)/139) a composite number?
True
Let w = 49 - 44. Suppose u - 1085 = -w*z, 2*u = u. Is z prime?
False
Suppose -21*i - 54227 = -24*i - 5*s, 0 = 4*s + 8. Is i a composite number?
True
Let x(s) = 2*s + 111 - 75 + 27*s. Is x(7) composite?
False
Let f = 7 + -5. Suppose 0*g - 101 = 3*g + f*z, 5*z = -5*g - 175. Let n = -12 - g. Is n a composite number?
False
Suppose 0 = u + 2*u + 2*j - 20, -4*j + 32 = 5*u. Let r = u - 8. Is (20 + r)*(-87)/(-12) a composite number?
True
Let x(v) = 221*v**3 - 6*v**2 + 10*v - 4. Is x(3) a prime number?
True
Let b(o) = -125*o + 8. Let d(g) = 62*g - 4. Let r(n) = 3*b(n) + 5*d(n). Is r(-5) a composite number?
True
Let m(f) = -18*f - 5. Let j be m(-2). Suppose 2*h + j - 926 = -t, -4*t - 2*h + 3562 = 0. Is t a composite number?
True
Suppose 4*f - 4202 = -5*q + 27483, -4*q - 4*f = -25352. Is q prime?
False
Let l(r) = -r**2 - 10*r + 4. Let s be l(-10). Suppose 0 = 4*h - 3*h - s. Suppose 1 - 89 = -3*z - x, h*x = z - 51. Is z a prime number?
True
Suppose 4*i - 5*j = 14582, 4*i + 14*j - 11*j = 14566. Is i prime?
True
Let q = 1 + -32. Let d = 197 - 131. Let u = q + d. Is u composite?
True
Let s(l) be the third derivative of -l**5/60 - 11*l**4/24 - 17*l**3/6 - 6*l**2. Is s(-8) a prime number?
True
Is 6/(-1) - (6 - 874) prime?
False
Suppose 0 = -8*z + 50186 + 9918. Is z a prime number?
False
Let c be (-44)/(-7) - (-2)/(-7). Let z = 11 + -7. Suppose 0 = -2*m - t + 938, -m + c*m - 2351 = -z*t. Is m prime?
True
Suppose -3*a - 5*w = -326 + 105, 0 = -2*w + 8. Suppose t = f - 38, -t = -5*f + a + 127. Is f composite?
True
Let b = -19 + 22. Suppose b*w = w + 158. Is w composite?
False
Let y(z) = 15*z**3 - 5*z**2 - 3*z + 10. Let k(b) = 7*b**3 - 3*b**2 - b + 5. Let s(u) = 9*k(u) - 4*y(u). Is s(4) a prime number?
True
Let g(b) = -b**3 - 6*b**2 + 7*b + 4. Suppose -3*u = -4*u - 7. Let x be g(u). Suppose 93 = x*p + 9. Is p prime?
False
Let q = 66 + 0. Let b = q - -227. Is b prime?
True
Suppose -17 = -4*d - 9. Let i(x) = 2*x**d + x - 1 + 7*x**2 + 4*x**2. Is i(2) prime?
True
Let a = -26 + 18. Let f be (1 - a)/3 + -853. Is (-2)/3 - f/6 prime?
False
Suppose 13*a - 1184 = 5*a. Suppose 4*v = 5*g - 741, -2*v + v - a = -g. Is g a composite number?
False
Suppose 16*c + 20580 - 185476 = 0. Is c prime?
False
Let n(u) = 1 - 3*u + 15*u - 7*u. Let m be n(1). Suppose -190 = t - m*t. Is t prime?
False
Suppose 0 = g - 4*g + 15. Suppose 5*z - 667 = 3*z - 5*k, -2*k + 1657 = g*z. Is z composite?
False
Let s = -16 - -19. Is (-9)/((-18)/3128) - s prime?
False
Let u(j) = j**3 + 3*j**2 - 10*j - 8. Let p be u(-5). Is p/(-60) + 125846/30 prime?
False
Suppose -q = x - 274, -q + 3*x = -2*q + 284. Let z = q + -142. Is z composite?
False
Suppose 65 = 2*t - t. Is t prime?
False
Let v(j) = 8*j**3 - 3*j**2 - 5*j - 5. Is v(5) composite?
True
Let s = 739 + -1038. Suppose -2*g + 1327 - 431 = 0. Let y = g + s. Is y composite?
False
Is (-4)/22 - ((-34880)/55 - 7) prime?
True
Let w(q) = 77*q**3 - q**2 - 1. Let p be w(-1). Let n = p + 102. Is n a composite number?
False
Suppose -3*i = 2*i - 35. Suppose -i*q + 8398 = 2525. Is q a composite number?
False
Is (-2911227)/(-329) - 2/(-7)*1 prime?
True
Let h(d) = -10*d + 6. Let k be h(-3). Let o = 43 - k. Is o prime?
True
Let r = 169 + -332. Suppose 0 = -2*k - 5*q + 14 + 607, -k + 309 = q. Let p = k + r. Is p composite?
True
Let c = 8394 - 3315. Is c composite?
True
Suppose -4*f + 4*j + 1368 = -4624, 0 = -3*f - 3*j + 4512. Is f a prime number?
False
Let h(r) = 4*r**3 - r**2 - 8*r + 1. Suppose -2*m + 20 = 8. Is h(m) a composite number?
True
Let b be 0 + (-6)/2 + 7. Suppose 5*t + 2*v = 13, b*t - 5*v = -16 - 0. Is -2 - -7 - t - -475 prime?
True
Suppose c - 13861 = -3*u, 0 = u + 3*u - 2*c - 18488. Is u prime?
True
Suppose 46 = 2*r - 726. Suppose 4*d - 434 = r. Suppose k = d + 112. Is k a composite number?
False
Suppose n = 6163 + 1876. Is n composite?
False
Suppose 2*o = 7*o + 530. Let b = o - -173. Is b composite?
False
Let f(t) = -74*t + 37. Let h be f(19). Let o = -600 - h. Is o composite?
False
Let h be (-18)/(-12)*(-1)/(6/(-1960)). Let g = h - 237. Is g composite?
True
Let w(v) = 9814*v**2 - 3*v - 5. Is w(-4) prime?
False
Let h(m) = 13*m - 14. Let f be h(6). Suppose y - f = 187. Is (y/(-2))/((-1)/2) a prime number?
True
Let c(z) = -13*z**3 - 3*z**2 - 2*z - 7. Let f be c(-6). Suppose -f = -0*h - 5*h. Is h prime?
True
Let g be ((-25)/10 + 3)*-4. Is 1085 - (4 + g - 4) composite?
False
Let w(c) = -489*c + 121. Is w(-18) composite?
False
Suppose 4*p - 18*i - 42167 = -19*i, -p + 10556 = 5*i. Is p prime?
False
Let q(l) = 7*l**2 + 5*l + 20. Let s be q(-19). Suppose -4*x + s = -0*x. Is x prime?
True
Let j(c) be the first derivative of 71*c**4/2 + c**3/3 - c**2 + c + 8. Is j(1) a prime number?
False
Suppose 0 = b - 2*j, 2*j = 2*b + 3*j. Suppose 6*k - 25 + 1 = b. Suppose 2*w - i - 541 = -92, k*w + 2*i - 886 